{"id":174,"date":"2018-01-18T14:32:48","date_gmt":"2018-01-18T12:32:48","guid":{"rendered":"http:\/\/kdmgumruk.com\/?page_id=174"},"modified":"2021-03-16T15:21:53","modified_gmt":"2021-03-16T12:21:53","slug":"takas-kapsaminda-kkdf-muafiyetine-iliskin-tespit-islemleri","status":"publish","type":"page","link":"https:\/\/ustaygm.com\/?page_id=174","title":{"rendered":"Takas kapsam\u0131nda KKDF muafiyetine \u0130li\u015fkin tespit i\u015flemleri"},"content":{"rendered":"<h5><strong><span style=\"color: #0000ff;\">TK1<\/span>\u00a0<\/strong>Takas kapsam\u0131nda yap\u0131lan ithalat ve ihracat i\u015flemlerinin farkl\u0131 g\u00fcmr\u00fck idarelerinden yap\u0131lmas\u0131 halinde KKDF muafiyeti uygulanmas\u0131na esas te\u015fkil edecek tespitleri<\/h5>\n<p><a href=\"http:\/\/kdmgumruk.com\/iletisim\/\"><strong>Detayl\u0131 bilgi i\u00e7in t\u0131klay\u0131n\u0131z\u2026<\/strong><\/a><\/p>\n","protected":false},"excerpt":{"rendered":"<p>TK1\u00a0Takas kapsam\u0131nda yap\u0131lan ithalat ve ihracat i\u015flemlerinin farkl\u0131 g\u00fcmr\u00fck idarelerinden yap\u0131lmas\u0131 halinde KKDF muafiyeti uygulanmas\u0131na esas te\u015fkil edecek tespitleri Detayl\u0131 bilgi i\u00e7in t\u0131klay\u0131n\u0131z\u2026<\/p>\n","protected":false},"author":1,"featured_media":0,"parent":142,"menu_order":0,"comment_status":"closed","ping_status":"closed","template":"","meta":{"footnotes":""},"class_list":["post-174","page","type-page","status-publish","hentry"],"_links":{"self":[{"href":"https:\/\/ustaygm.com\/index.php?rest_route=\/wp\/v2\/pages\/174","targetHints":{"allow":["GET"]}}],"collection":[{"href":"https:\/\/ustaygm.com\/index.php?rest_route=\/wp\/v2\/pages"}],"about":[{"href":"https:\/\/ustaygm.com\/index.php?rest_route=\/wp\/v2\/types\/page"}],"author":[{"embeddable":true,"href":"https:\/\/ustaygm.com\/index.php?rest_route=\/wp\/v2\/users\/1"}],"replies":[{"embeddable":true,"href":"https:\/\/ustaygm.com\/index.php?rest_route=%2Fwp%2Fv2%2Fcomments&post=174"}],"version-history":[{"count":2,"href":"https:\/\/ustaygm.com\/index.php?rest_route=\/wp\/v2\/pages\/174\/revisions"}],"predecessor-version":[{"id":487,"href":"https:\/\/ustaygm.com\/index.php?rest_route=\/wp\/v2\/pages\/174\/revisions\/487"}],"up":[{"embeddable":true,"href":"https:\/\/ustaygm.com\/index.php?rest_route=\/wp\/v2\/pages\/142"}],"wp:attachment":[{"href":"https:\/\/ustaygm.com\/index.php?rest_route=%2Fwp%2Fv2%2Fmedia&parent=174"}],"curies":[{"name":"wp","href":"https:\/\/api.w.org\/{rel}","templated":true}]}}